0. Determine m(j).
10
Let p be (-12)/(-66) - (-202)/(-22). Let a(d) = -d - 1. Let c(n) = 6*n + 3. Let f(u) = p*a(u) - c(u). Suppose 2*s + 5 = -5. What is f(s)?
-9
Let a(d) be the second derivative of 0 - 1/6*d**3 - 1/2*d**2 + 11*d. Suppose -2*s - 2 = 4*o, -o + 2*s + 3 = -4. Determine a(o).
-2
Let v(x) = 12*x. Suppose -a = -17 + 16. Calculate v(a).
12
Let m(i) = 2*i**3 + 3*i**2 - 2*i + 2. Let j(y) = y**3 - 20 + 5*y**2 - 2*y + 23 - y**2. Let f(t) = -3*j(t) + 2*m(t). Give f(6).
7
Let x(k) = 4*k**2 - 22*k - 10. Let w(l) = -3*l**2 + 15*l + 7. Let j(v) = 7*w(v) + 5*x(v). Give j(-4).
3
Let x(b) = -b + 1. Let s(h) be the first derivative of h**3/3 + 5*h**2 - 10*h - 3. Let c = -11 + 16. Let a(u) = c*x(u) + s(u). Calculate a(-5).
-5
Let x(u) = -u**2 + 3*u - 4*u - u**3 + 2 + 3*u. Suppose 3*k - 2*o - 31 = 0, -3*o - 4 = -3*k + 26. Suppose 5*r = -2*n + k, 5*r - 3*r = -3*n. Give x(n).
2
Let o(r) be the third derivative of -r**6/720 - r**5/120 + 5*r**4/24 - 6*r**2. Let j(g) be the second derivative of o(g). Give j(-6).
5
Let s(v) = 11*v**3 - 7*v**2 + 2*v - 2. Let l(y) = 1 - 69*y**2 - 5*y**3 + 72*y**2 + 0 - y. Let h(n) = 9*l(n) + 4*s(n). Calculate h(0).
1
Let r(a) = -a + 6. Let n(b) be the second derivative of b**3/6 - 3*b**2 + 10*b. Let u(c) = 5*n(c) + 6*r(c). Suppose -k = -0*k - 5*w - 12, w + 1 = 0. Give u(k).
-1
Let j(b) = b**2 - 2*b - 3. Let i be (-3)/(-4) + (-12)/16. Suppose i = -g - 1 - 1. Give j(g).
5
Suppose 0 = -4*y - 20 - 16. Let v be 84/18 - 3/y. Let i(c) = -1 - 2*c + 12*c**2 + v*c - c - 4*c**2. Give i(1).
9
Let a = -3 - -20. Let x(w) = -5 + w + a + 10. Determine x(0).
22
Let k = -53 + 72. Let l(u) = -11*u + k*u - 7*u. Determine l(-8).
-8
Let x(j) = j**3 + j + 1. Let p(h) be the second derivative of -h**5/4 + h**4/2 - 2*h**3/3 + h**2/2 - 49*h. Let c(s) = -p(s) - 6*x(s). Calculate c(-6).
5
Let t(f) = f**3 - f**2 + 10. Suppose -75 = -13*s + 42. Suppose -6*g + s*g = 0. Calculate t(g).
10
Let x = -447 - -441. Let a(o) = -4*o + 6. Calculate a(x).
30
Let w(b) = -2*b - 22. Let m be w(-9). Let h(j) be the second derivative of j**3/3 - j**2/2 - 11*j. Calculate h(m).
-9
Let r = 23 - 52. Let i be (-2)/12 + r/6. Let l(z) be the first derivative of z**4/4 + z**3 - 3*z**2 + 7*z + 6. Give l(i).
-13
Let v(p) = 7*p**2 - 6*p - 17. Let c(q) = -20*q**2 + 18*q + 48. Let f(y) = -6*c(y) - 17*v(y). Calculate f(7).
8
Suppose -4*p = -4*d - 8, 0 = 5*p + 3*d - 6 + 4. Let v(j) = -2*j - 4. Let h(n) = 3*n + 5. Let w(q) = -3*h(q) - 4*v(q). Determine w(p).
0
Let l(h) be the second derivative of -h**4/3 + h**3/6 + h**2/2 - 4*h - 27. Calculate l(-1).
-4
Let m(p) be the second derivative of p**6/120 + p**5/60 - p**4/24 - 7*p**3/3 + 6*p**2 + 22*p. Let z(h) be the first derivative of m(h). Calculate z(0).
-14
Let t(w) = 0 + 3 + 2 - 7 + 15*w + 1. Give t(1).
14
Let z(y) = -11*y**3 + 29*y**2 + 9*y + 18. Let j(i) = 5*i**3 - 14*i**2 - 3*i - 8. Let t(s) = 9*j(s) + 4*z(s). Let d be 27/3 - (1 - 1). Determine t(d).
0
Let b(c) = c**2 - 13*c - 8. Let a be 12 - (0 - 0 - 2). Calculate b(a).
6
Let r be (-8)/(-4) + 0/3. Let b(o) = 4 + 3*o - 4*o + 5*o - r*o. Give b(-4).
-4
Suppose o + 9 = 3*h, -2*h - 5*o + 35 = 3*h. Suppose 12 = -0*l - h*l. Let r(u) = -4*u**2 - 5*u - u**3 - 46 + 2*u + 45. Calculate r(l).
-1
Let p = 17009 + -17010. Let z(m) be the third derivative of 0 + m**2 + 1/60*m**5 + 0*m + 1/24*m**4 + 0*m**3 + 1/120*m**6. Give z(p).
-1
Let z(v) = 2 + 54*v - 23*v - 5 + 1 - 29*v. What is z(2)?
2
Let l(a) = -3*a**2 + 4*a + 2 - a**3 + 0*a**2 + 2 + 0*a**2. Let m(c) = c**2 + 12*c + 3. Let v be m(-11). Let k be (-7)/1 + (-24)/v. Calculate l(k).
4
Let r be -5 - (3 + (0 - 2)). Let j(c) = -4 - 6*c**2 + 7*c + 11*c**2 + 5*c - 7*c - 4*c**2. Give j(r).
2
Let d(q) be the second derivative of q**3/3 + 13*q**2/2 - 21*q - 1. Calculate d(-13).
-13
Let u(f) be the second derivative of f**3/3 - 3*f**2 - 10*f. Give u(6).
6
Let b(l) be the third derivative of -l**4/6 + l**3/6 - 166*l**2 + l. Suppose -3*y = 5*m - 31, -5*y - 3*m + 20 = -m. Determine b(y).
-7
Let x(g) = -8*g + 2. Let t(m) = -2*m - 2. Let i(j) = 2*t(j) - x(j). What is i(6)?
18
Let h(j) = j**3 + 4*j**2 - j - 5. Suppose 48 = -q + 44. Give h(q).
-1
Let b(h) be the third derivative of 1/6*h**4 + 1/60*h**5 + 0*h + 1/6*h**3 + 0 - h**2. Let k be (4/5)/((-2)/10). Give b(k).
1
Let d be (-2)/3 + (-292)/12. Let t = 28 + d. Let h(z) = -t*z**3 + 6*z**2 - 5*z - 9 + 4*z + 6 + 4*z**3. Calculate h(-6).
3
Let i(s) be the first derivative of -5*s**2/2 + 1. Suppose -11 - 11 = o. Let m = -21 - o. Determine i(m).
-5
Let w(m) = m**2 - 4*m + 4. Suppose 4*l + 14 = 3*a, 7 - 2 = 5*a - 3*l. Let t = a - -10. Suppose 3*y - 26 = -4*g + t*y, -4*g = 5*y - 6. What is w(g)?
4
Let i(s) = -s**2 + 8*s + 9. Suppose -4*k = 2*o - 38, 0 = -0*o - 2*o + k + 13. Calculate i(o).
0
Let w = -629 + 636. Let o(s) = s**3 + 8*s**2 + 11*s - 8. Let l(u) = -3*u**3 - 17*u**2 - 23*u + 15. Let q(k) = 2*l(k) + 5*o(k). Give q(w).
4
Suppose 8*o - 11*o + 6 = 0. Let x(m) = 675 + m**o - 675 + 3*m. Suppose -4*y - 11 = 5. Calculate x(y).
4
Let z(j) = j - 2. Let l(r) = 2*r + 34. Let t be 5*((-1)/(-5) + -3). Let w be l(t). Let o = w - -2. Determine z(o).
6
Let d(i) = -1 - 11*i - 2 - 5*i**3 + 2 + 10*i. What is d(-1)?
5
Let x(m) = m**3 - 2*m**2 - 10*m + 10. Let o be x(4). Let n(w) = 301*w**2 + 4*w - 152*w**o - 150*w**2. Determine n(4).
0
Let v be (3 - 3)*1 + -5. Let h(m) be the third derivative of -m**5/60 - 5*m**4/24 - 2*m**3/3 - 9*m**2 + 20*m. Give h(v).
-4
Let j(z) = 14*z**3 + 7*z**2 - 31*z - 56. Let g(t) = 5*t**3 + 2*t**2 - 11*t - 19. Let c(p) = 17*g(p) - 6*j(p). Give c(8).
5
Let n(a) = -2*a**3 + 2*a**2 + 3*a - 3. Let t be n(2). Let w(x) = x**2 - x + 1. Let j(g) = 2*g**2 - 9*g + 4. Let o(m) = -j(m) + 3*w(m). Determine o(t).
-6
Suppose s + 185 = -4*s. Let o = -39 - s. Let i be o/(-3)*(-20 - -17). Let x(g) = 2*g**3 + 2*g**2 + 1. Give x(i).
-7
Let t(i) = -35*i + 21. Let b(n) = 6*n - 1. Let o(m) = 6*b(m) + t(m). Determine o(7).
22
Let q(a) = -a - 6. Let n be ((-55)/(-33))/((-3)/27). Give q(n).
9
Let m(f) be the third derivative of f**5/60 + f**4/8 - f**3/2 - 7*f**2 - 3. What is m(-5)?
7
Let b(d) = -6*d + 1. Suppose 10 = -3*q + 4*q. Let o(a) = -a - 23. Let f be o(q). Let g = f - -31. What is b(g)?
13
Let o = 531 + -535. Let g(h) = -2*h + 4. Give g(o).
12
Let t(o) = -6 + 2*o**2 + 32*o + 37 - 19. Calculate t(-16).
12
Let k(u) = 7*u**2 + 4*u + 1. Let q(p) = -5*p**2 - 3*p - 1. Let l(v) = -3*k(v) - 4*q(v). Determine l(-3).
-8
Suppose 4*t = 183 - 235. Let i(k) = k**2 + 14*k + 3. What is i(t)?
-10
Let p(u) be the second derivative of u**5/20 - u**4/2 - 3*u**2/2 + 17*u. Determine p(6).
-3
Let n(h) = -2*h - 8. Let o be n(-9). Suppose -2*i + i - o = 0. Let x = -5 - i. Let u(p) = p + 1. Calculate u(x).
6
Let m be 17/5 - (-2)/(-5). Suppose 2*v = 5*v - 6. Let x(r) = -m*r + r**v + r - 2*r - 2. What is x(4)?
-2
Let w = -132 - -141. Suppose 12*n = 27 + w. Let o(x) = -x**2 + 1. What is o(n)?
-8
Let y(n) = 8*n + 1. Let v(r) = r**2 - 6*r - 1. Let p be v(6). Let h(l) = -l. Let o(g) = p*y(g) - 4*h(g). Calculate o(1).
-5
Let z(q) = 7*q - 2. Let p be z(2). Suppose -2*g = -0*g - p. Suppose 2*a = 4 - g. Let n(x) = -10*x**2 + 2*x + 1. Give n(a).
-11
Let p(u) = 7*u**2 + u - 2. Let r be (0 - 2)*2/(-1). Let m(b) = 2 - 2*b + r*b**2 + b - 1 - 3*b**2. Let i(q) = 2*m(q) + p(q). Determine i(-1).
10
Let i(s) be the first derivative of -s**4/4 - 14*s**3/3 - 11*s**2/2 + 18*s - 13. What is i(-13)?
-8
Let y(q) = 0 + 12*q**2 + q**3 - 2*q**3 - 10 - 2*q**2 - 10*q + 0*q**3. Calculate y(8).
38
Let i(g) = -7*g + 4. Let c(n) = -6*n + 4. Let o(w) = -6*c(w) + 5*i(w). Give o(0).
-4
Let y(t) = -t**2 - 10*t - 3. Let z = 38 - 28. Suppose -7*m = -z + 73. Determine y(m).
6
Let q(d) be the first derivative of -4*d**3/3 - d**2/2 - d - 185. Determine q(-2).
-15
Let o(c) = -c**3 - 6*c**2 + c + 4. Let l be o(-6). Let r be (-8 + 6)/(l/8*1). Let k(y) = -y + 11. What is k(r)?
3
Let f(l) be the first derivative of -33 - 3*l**2 - 1/3*l**3 - 2*l. Give f(-4).
6
Let c(m) be the first derivative of -m**4/12 + 7*m**3/6 - m**2 + 7*m - 5. Let l(n) be the first derivative of c(n). Calculate l(6).
4
Let x be 1*5/(20/16). Let l(b) be the third derivative of -b**6/120 + b**5/15 - b**4/8 + b**3/2 + b**2. Calculate l(x).
-9
Let h(z) = -8*z + 4. Let a(m) = -26*m + 11. Let g(v) = 3*a(v) - 8*h(v). Gi